{"id":421,"date":"2018-05-29T20:40:00","date_gmt":"2018-05-29T19:40:00","guid":{"rendered":"http:\/\/www.funerariajosecarlos.es\/?page_id=421"},"modified":"2018-05-29T20:53:50","modified_gmt":"2018-05-29T19:53:50","slug":"politica-de-privacidad-2","status":"publish","type":"page","link":"https:\/\/www.funerariajosecarlos.es\/index.php\/politica-de-privacidad-2\/","title":{"rendered":"Pol\u00edtica de privacidad"},"content":{"rendered":"<h2 style=\"text-align: center;\">\u00a0Funeraria &#8211; Tanatorio Jos\u00e9 Carlos S\u00e1nchez<\/h2>\n<p>&nbsp;<\/p>\n<p style=\"text-align: center;\"><strong>CL\u00c1USULA RGPD<\/strong><\/p>\n<p style=\"text-align: center;\"><strong>POL\u00cdTICA DE PRIVACIDAD Y PROTECCI\u00d3N DE DATOS<\/strong><\/p>\n<p>&nbsp;<\/p>\n<p>HERENCIA YACENTE DE JOS\u00c9 CARLOS S\u00c1NCHEZ MAYO es titular del sitio web www.funerariajosecarlos.es y responsable del tratamiento de los datos personales suministrados por los usuarios a trav\u00e9s de este sitio web.<\/p>\n<p>A continuaci\u00f3n informamos de los t\u00e9rminos relacionados con la protecci\u00f3n de datos de car\u00e1cter personal y entendemos que han sido le\u00eddos y comprendidos por el usuario al facilitarnos su informaci\u00f3n personal y utilizar este sitio web.<\/p>\n<p>&nbsp;<\/p>\n<p><strong>\u00bfQui\u00e9n es el responsable del tratamiento de sus datos?<\/strong><\/p>\n<p>Identidad: HERENCIA YACENTE DE JOS\u00c9 CARLOS S\u00c1NCHEZ MAYO<\/p>\n<p>Direcci\u00f3n postal: Calle R\u00edo Duero, 12 &#8211; 5004, \u00c1vila<\/p>\n<p>Tel\u00e9fono: \u00a0920255757<\/p>\n<p>Correo electr\u00f3nico:\u00a0\u00a0info@funerariajosecarlos.es<\/p>\n<p>&nbsp;<\/p>\n<p><strong>\u00bfCon qu\u00e9 finalidad tratamos sus datos personales?<\/strong><\/p>\n<p>En HERENCIA YACENTE DE JOS\u00c9 CARLOS S\u00c1NCHEZ MAYO tratamos datos de car\u00e1cter personal con la finalidad de:<\/p>\n<ul>\n<li>responder a las solicitudes realizadas<\/li>\n<li>llevar a cabo la relaci\u00f3n comercial y profesional establecida<\/li>\n<li>realizar la gesti\u00f3n administrativa, contable y fiscal.<\/li>\n<\/ul>\n<p>&nbsp;<\/p>\n<p>En ning\u00fan caso se utilizar\u00e1n los datos para elaborar perfiles, ni decisiones automatizadas<\/p>\n<p>&nbsp;<\/p>\n<p><strong>\u00a0<\/strong><\/p>\n<p><strong>\u00bfPor cu\u00e1nto tiempo conservaremos sus datos?<\/strong><\/p>\n<p>Los datos personales proporcionados se conservar\u00e1n:<\/p>\n<ul>\n<li>mientras se mantenga la relaci\u00f3n mercantil y no se solicite su supresi\u00f3n por el interesado. Una vez concluida la relaci\u00f3n mercantil se conservar\u00e1n en estado de bloqueo durante el plazo legal establecido en cumplimiento de las obligaciones legales y poder hacer frente a las posibles responsabilidades o requerimientos de las Administraciones P\u00fablicas y\/o Tribunales.<\/li>\n<\/ul>\n<p><strong>\u00a0<\/strong><\/p>\n<p><strong>\u00bfCu\u00e1l es la legitimaci\u00f3n para el tratamiento de sus datos? <\/strong><\/p>\n<p>La base legal para el tratamiento de sus datos es:<\/p>\n<ul>\n<li>el consentimiento del interesado en un formulario f\u00edsico o digital<\/li>\n<li>la ejecuci\u00f3n del contrato de prestaci\u00f3n de servicios seg\u00fan los t\u00e9rminos y condiciones que constan en el mismo, y\/o la solicitud de presupuesto.<\/li>\n<\/ul>\n<p><strong>\u00a0<\/strong><\/p>\n<p><strong>\u00bfA qu\u00e9 destinatarios se comunicar\u00e1n sus datos? <\/strong><\/p>\n<ul>\n<li>los datos se comunicar\u00e1n a otras empresas para fines administrativos internos, incluido el tratamiento de datos personales de clientes o empleados<\/li>\n<li>a empresas de nuestro Grupo empresarial para el env\u00edo de comunicaciones comerciales de otras ofertas y promociones que puedan ser de su inter\u00e9s<\/li>\n<li>podr\u00e1n adem\u00e1s ser comunicados a la administraci\u00f3n y\/o tribunales para cumplir con la legislaci\u00f3n vigente.<\/li>\n<\/ul>\n<p><strong>\u00a0<\/strong><\/p>\n<p><strong>\u00bfCu\u00e1les son sus derechos cuando nos facilita sus datos? <\/strong><\/p>\n<p>Cualquier persona tiene derecho a obtener confirmaci\u00f3n sobre si en HERENCIA YACENTE DE JOS\u00c9 CARLOS S\u00c1NCHEZ MAYO estamos tratando datos personales que les conciernan, o no.<\/p>\n<p>Las personas interesadas tienen derecho a acceder a sus datos personales, as\u00ed como a solicitar la rectificaci\u00f3n de los datos inexactos o, en su caso, solicitar su supresi\u00f3n cuando, entre otros motivos, los datos ya no sean necesarios para los fines que fueron recogidos.<\/p>\n<p>En determinadas circunstancias, los interesados podr\u00e1n solicitar la limitaci\u00f3n del tratamiento de sus datos, en cuyo caso \u00fanicamente los conservaremos para el ejercicio o la defensa de reclamaciones.<\/p>\n<p>En determinadas circunstancias y por motivos relacionados con su situaci\u00f3n particular, los interesados podr\u00e1n oponerse al tratamiento de sus datos. HERENCIA YACENTE DE JOS\u00c9 CARLOS S\u00c1NCHEZ MAYO dejar\u00e1 de tratar los datos, salvo por motivos leg\u00edtimos imperiosos, o el ejercicio o la defensa de posibles reclamaciones.<\/p>\n<p><u>C\u00f3mo ejercer sus derechos<\/u><\/p>\n<p>Pueden ejercer sus derechos remitiendo escrito, adjuntando copia de documento oficial que le identifique y concretando el derecho o derechos que desea ejercer, a trav\u00e9s del medio siguiente:<\/p>\n<ul>\n<li>direcci\u00f3n postal: Calle R\u00edo Duero, 12 &#8211; 5004, \u00c1vila.<\/li>\n<\/ul>\n<p><strong>\u00a0<\/strong><\/p>\n<p><strong>\u00bfC\u00f3mo hemos obtenido sus datos?<\/strong><\/p>\n<p>Los datos personales que tratamos en HERENCIA YACENTE DE JOS\u00c9 CARLOS S\u00c1NCHEZ MAYO proceden del interesado.<\/p>\n<p>Obtenemos el consentimiento cuando:<\/p>\n<ul>\n<li>al cumplimentar un formulario en formato papel<\/li>\n<li>al formalizar una orden de compra.<\/li>\n<\/ul>\n<h3>Comentarios<\/h3>\n<p>Cuando los visitantes dejan comentarios en la web, recopilamos los datos que se muestran en el formulario de comentarios, as\u00ed como la direcci\u00f3n IP del visitante y la cadena de agentes de usuario del navegador para ayudar a la detecci\u00f3n de spam.<\/p>\n<p>Una cadena an\u00f3nima creada a partir de tu direcci\u00f3n de correo electr\u00f3nico (tambi\u00e9n llamada hash) puede ser proporcionada al servicio de Gravatar para ver si la est\u00e1s usando. La pol\u00edtica de privacidad del servicio Gravatar est\u00e1 disponible aqu\u00ed: https:\/\/automattic.com\/privacy\/. Despu\u00e9s de la aprobaci\u00f3n de tu comentario, la imagen de tu perfil es visible para el p\u00fablico en el contexto de su comentario.<\/p>\n<p>Cookies<\/p>\n<p>Si dejas un comentario en nuestro sitio puedes elegir guardar tu nombre, direcci\u00f3n de correo electr\u00f3nico y web en cookies. Esto es para tu comodidad, para que no tengas que volver a rellenar tus datos cuando dejes otro comentario. Estas cookies tendr\u00e1n una duraci\u00f3n de un a\u00f1o.<\/p>\n<p>Si tienes una cuenta y te conectas a este sitio, instalaremos una cookie temporal para determinar si tu navegador acepta cookies. Esta cookie no contiene datos personales y se elimina al cerrar el navegador.<\/p>\n<p>Cuando inicias sesi\u00f3n, tambi\u00e9n instalaremos varias cookies para guardar tu informaci\u00f3n de inicio de sesi\u00f3n y tus opciones de visualizaci\u00f3n de pantalla. Las cookies de inicio de sesi\u00f3n duran dos d\u00edas, y las cookies de opciones de pantalla duran un a\u00f1o. Si seleccionas \u00abRecordarme\u00bb, tu inicio de sesi\u00f3n perdurar\u00e1 durante dos semanas. Si sales de tu cuenta, las cookies de inicio de sesi\u00f3n se eliminar\u00e1n.<\/p>\n<p>Si editas o publicas un art\u00edculo se guardar\u00e1 una cookie adicional en tu navegador. Esta cookie no incluye datos personales y simplemente indica el ID del art\u00edculo que acabas de editar. Caduca despu\u00e9s de 1 d\u00eda.<\/p>\n<h3>Contenido incrustado de otros sitios web<\/h3>\n<p>Los art\u00edculos de este sitio pueden incluir contenido incrustado (por ejemplo, v\u00eddeos, im\u00e1genes, art\u00edculos, etc.). El contenido incrustado de otras web se comporta exactamente de la misma manera que si el visitante hubiera visitado la otra web.<\/p>\n<p>Estas web pueden recopilar datos sobre ti, utilizar cookies, incrustar un seguimiento adicional de terceros, y supervisar tu interacci\u00f3n con ese contenido incrustado, incluido el seguimiento de su interacci\u00f3n con el contenido incrustado si tienes una cuenta y est\u00e1s conectado a esa web.<\/p>\n<h2>D\u00f3nde enviamos tus datos<\/h2>\n<p>Los comentarios de los visitantes puede que los revise un servicio de detecci\u00f3n autom\u00e1tica de spam.<\/p>\n<h3><\/h3>\n<h3><\/h3>\n","protected":false},"excerpt":{"rendered":"<p>\u00a0Funeraria &#8211; Tanatorio Jos\u00e9 Carlos S\u00e1nchez &nbsp; CL\u00c1USULA RGPD POL\u00cdTICA DE PRIVACIDAD Y PROTECCI\u00d3N DE DATOS &nbsp; HERENCIA YACENTE DE JOS\u00c9 CARLOS S\u00c1NCHEZ MAYO es titular del sitio web www.funerariajosecarlos.es y responsable del tratamiento de los datos personales suministrados por los usuarios a trav\u00e9s de este sitio web. A continuaci\u00f3n informamos de los t\u00e9rminos relacionados &hellip; <\/p>\n<p class=\"link-more\"><a href=\"https:\/\/www.funerariajosecarlos.es\/index.php\/politica-de-privacidad-2\/\" class=\"more-link\">Continuar leyendo<span class=\"screen-reader-text\"> \u00abPol\u00edtica de privacidad\u00bb<\/span><\/a><\/p>\n","protected":false},"author":1,"featured_media":0,"parent":0,"menu_order":7,"comment_status":"closed","ping_status":"closed","template":"","meta":{"ngg_post_thumbnail":0,"footnotes":""},"class_list":["post-421","page","type-page","status-publish","hentry"],"_links":{"self":[{"href":"https:\/\/www.funerariajosecarlos.es\/index.php\/wp-json\/wp\/v2\/pages\/421","targetHints":{"allow":["GET"]}}],"collection":[{"href":"https:\/\/www.funerariajosecarlos.es\/index.php\/wp-json\/wp\/v2\/pages"}],"about":[{"href":"https:\/\/www.funerariajosecarlos.es\/index.php\/wp-json\/wp\/v2\/types\/page"}],"author":[{"embeddable":true,"href":"https:\/\/www.funerariajosecarlos.es\/index.php\/wp-json\/wp\/v2\/users\/1"}],"replies":[{"embeddable":true,"href":"https:\/\/www.funerariajosecarlos.es\/index.php\/wp-json\/wp\/v2\/comments?post=421"}],"version-history":[{"count":2,"href":"https:\/\/www.funerariajosecarlos.es\/index.php\/wp-json\/wp\/v2\/pages\/421\/revisions"}],"predecessor-version":[{"id":423,"href":"https:\/\/www.funerariajosecarlos.es\/index.php\/wp-json\/wp\/v2\/pages\/421\/revisions\/423"}],"wp:attachment":[{"href":"https:\/\/www.funerariajosecarlos.es\/index.php\/wp-json\/wp\/v2\/media?parent=421"}],"curies":[{"name":"wp","href":"https:\/\/api.w.org\/{rel}","templated":true}]}}

Política de privacidad

<h2 style="text-align: center;"> Funeraria &#8211; Tanatorio José Carlos Sánchez</h2>
<p>&nbsp;</p>
<p style="text-align: center;"><strong>CLÁUSULA RGPD</strong></p>
<p style="text-align: center;"><strong>POLÍTICA DE PRIVACIDAD Y PROTECCIÓN DE DATOS</strong></p>
<p>&nbsp;</p>
<p>HERENCIA YACENTE DE JOSÉ CARLOS SÁNCHEZ MAYO es titular del sitio web www.funerariajosecarlos.es y responsable del tratamiento de los datos personales suministrados por los usuarios a través de este sitio web.</p>
<p>A continuación informamos de los términos relacionados con la protección de datos de carácter personal y entendemos que han sido leídos y comprendidos por el usuario al facilitarnos su información personal y utilizar este sitio web.</p>
<p>&nbsp;</p>
<p><strong>¿Quién es el responsable del tratamiento de sus datos?</strong></p>
<p>Identidad: HERENCIA YACENTE DE JOSÉ CARLOS SÁNCHEZ MAYO</p>
<p>Dirección postal: Calle Río Duero, 12 &#8211; 5004, Ávila</p>
<p>Teléfono:  920255757</p>
<p>Correo electrónico:  info@funerariajosecarlos.es</p>
<p>&nbsp;</p>
<p><strong>¿Con qué finalidad tratamos sus datos personales?</strong></p>
<p>En HERENCIA YACENTE DE JOSÉ CARLOS SÁNCHEZ MAYO tratamos datos de carácter personal con la finalidad de:</p>
<ul>
<li>responder a las solicitudes realizadas</li>
<li>llevar a cabo la relación comercial y profesional establecida</li>
<li>realizar la gestión administrativa, contable y fiscal.</li>
</ul>
<p>&nbsp;</p>
<p>En ningún caso se utilizarán los datos para elaborar perfiles, ni decisiones automatizadas</p>
<p>&nbsp;</p>
<p><strong> </strong></p>
<p><strong>¿Por cuánto tiempo conservaremos sus datos?</strong></p>
<p>Los datos personales proporcionados se conservarán:</p>
<ul>
<li>mientras se mantenga la relación mercantil y no se solicite su supresión por el interesado. Una vez concluida la relación mercantil se conservarán en estado de bloqueo durante el plazo legal establecido en cumplimiento de las obligaciones legales y poder hacer frente a las posibles responsabilidades o requerimientos de las Administraciones Públicas y/o Tribunales.</li>
</ul>
<p><strong> </strong></p>
<p><strong>¿Cuál es la legitimación para el tratamiento de sus datos? </strong></p>
<p>La base legal para el tratamiento de sus datos es:</p>
<ul>
<li>el consentimiento del interesado en un formulario físico o digital</li>
<li>la ejecución del contrato de prestación de servicios según los términos y condiciones que constan en el mismo, y/o la solicitud de presupuesto.</li>
</ul>
<p><strong> </strong></p>
<p><strong>¿A qué destinatarios se comunicarán sus datos? </strong></p>
<ul>
<li>los datos se comunicarán a otras empresas para fines administrativos internos, incluido el tratamiento de datos personales de clientes o empleados</li>
<li>a empresas de nuestro Grupo empresarial para el envío de comunicaciones comerciales de otras ofertas y promociones que puedan ser de su interés</li>
<li>podrán además ser comunicados a la administración y/o tribunales para cumplir con la legislación vigente.</li>
</ul>
<p><strong> </strong></p>
<p><strong>¿Cuáles son sus derechos cuando nos facilita sus datos? </strong></p>
<p>Cualquier persona tiene derecho a obtener confirmación sobre si en HERENCIA YACENTE DE JOSÉ CARLOS SÁNCHEZ MAYO estamos tratando datos personales que les conciernan, o no.</p>
<p>Las personas interesadas tienen derecho a acceder a sus datos personales, así como a solicitar la rectificación de los datos inexactos o, en su caso, solicitar su supresión cuando, entre otros motivos, los datos ya no sean necesarios para los fines que fueron recogidos.</p>
<p>En determinadas circunstancias, los interesados podrán solicitar la limitación del tratamiento de sus datos, en cuyo caso únicamente los conservaremos para el ejercicio o la defensa de reclamaciones.</p>
<p>En determinadas circunstancias y por motivos relacionados con su situación particular, los interesados podrán oponerse al tratamiento de sus datos. HERENCIA YACENTE DE JOSÉ CARLOS SÁNCHEZ MAYO dejará de tratar los datos, salvo por motivos legítimos imperiosos, o el ejercicio o la defensa de posibles reclamaciones.</p>
<p><u>Cómo ejercer sus derechos</u></p>
<p>Pueden ejercer sus derechos remitiendo escrito, adjuntando copia de documento oficial que le identifique y concretando el derecho o derechos que desea ejercer, a través del medio siguiente:</p>
<ul>
<li>dirección postal: Calle Río Duero, 12 &#8211; 5004, Ávila.</li>
</ul>
<p><strong> </strong></p>
<p><strong>¿Cómo hemos obtenido sus datos?</strong></p>
<p>Los datos personales que tratamos en HERENCIA YACENTE DE JOSÉ CARLOS SÁNCHEZ MAYO proceden del interesado.</p>
<p>Obtenemos el consentimiento cuando:</p>
<ul>
<li>al cumplimentar un formulario en formato papel</li>
<li>al formalizar una orden de compra.</li>
</ul>
<h3>Comentarios</h3>
<p>Cuando los visitantes dejan comentarios en la web, recopilamos los datos que se muestran en el formulario de comentarios, así como la dirección IP del visitante y la cadena de agentes de usuario del navegador para ayudar a la detección de spam.</p>
<p>Una cadena anónima creada a partir de tu dirección de correo electrónico (también llamada hash) puede ser proporcionada al servicio de Gravatar para ver si la estás usando. La política de privacidad del servicio Gravatar está disponible aquí: https://automattic.com/privacy/. Después de la aprobación de tu comentario, la imagen de tu perfil es visible para el público en el contexto de su comentario.</p>
<p>Cookies</p>
<p>Si dejas un comentario en nuestro sitio puedes elegir guardar tu nombre, dirección de correo electrónico y web en cookies. Esto es para tu comodidad, para que no tengas que volver a rellenar tus datos cuando dejes otro comentario. Estas cookies tendrán una duración de un año.</p>
<p>Si tienes una cuenta y te conectas a este sitio, instalaremos una cookie temporal para determinar si tu navegador acepta cookies. Esta cookie no contiene datos personales y se elimina al cerrar el navegador.</p>
<p>Cuando inicias sesión, también instalaremos varias cookies para guardar tu información de inicio de sesión y tus opciones de visualización de pantalla. Las cookies de inicio de sesión duran dos días, y las cookies de opciones de pantalla duran un año. Si seleccionas «Recordarme», tu inicio de sesión perdurará durante dos semanas. Si sales de tu cuenta, las cookies de inicio de sesión se eliminarán.</p>
<p>Si editas o publicas un artículo se guardará una cookie adicional en tu navegador. Esta cookie no incluye datos personales y simplemente indica el ID del artículo que acabas de editar. Caduca después de 1 día.</p>
<h3>Contenido incrustado de otros sitios web</h3>
<p>Los artículos de este sitio pueden incluir contenido incrustado (por ejemplo, vídeos, imágenes, artículos, etc.). El contenido incrustado de otras web se comporta exactamente de la misma manera que si el visitante hubiera visitado la otra web.</p>
<p>Estas web pueden recopilar datos sobre ti, utilizar cookies, incrustar un seguimiento adicional de terceros, y supervisar tu interacción con ese contenido incrustado, incluido el seguimiento de su interacción con el contenido incrustado si tienes una cuenta y estás conectado a esa web.</p>
<h2>Dónde enviamos tus datos</h2>
<p>Los comentarios de los visitantes puede que los revise un servicio de detección automática de spam.</p>
<h3></h3>
<h3></h3>

<p> Funeraria &#8211; Tanatorio José Carlos Sánchez &nbsp; CLÁUSULA RGPD POLÍTICA DE PRIVACIDAD Y PROTECCIÓN DE DATOS &nbsp; HERENCIA YACENTE DE JOSÉ CARLOS SÁNCHEZ MAYO es titular del sitio web www.funerariajosecarlos.es y responsable del tratamiento de los datos personales suministrados por los usuarios a través de este sitio web. A continuación informamos de los términos relacionados &hellip; </p>
<p class="link-more"><a href="https://www.funerariajosecarlos.es/index.php/politica-de-privacidad-2/" class="more-link">Continuar leyendo<span class="screen-reader-text"> «Política de privacidad»</span></a></p>
