{"id":314,"date":"2017-03-13T01:10:00","date_gmt":"2017-03-13T00:10:00","guid":{"rendered":"http:\/\/www.funerariajosecarlos.es\/?page_id=314"},"modified":"2020-11-17T19:30:27","modified_gmt":"2020-11-17T18:30:27","slug":"bienvenidos-nuestra-web","status":"publish","type":"page","link":"https:\/\/www.funerariajosecarlos.es\/","title":{"rendered":"Bienvenidos a nuestra web"},"content":{"rendered":"<p>Somos una empresa familiar, fundada por D. Jos\u00e9 Carlos S\u00e1nchez Mayo en 1985. Actualmente ya est\u00e1 al frente la segunda generaci\u00f3n.<\/p>\n<p>Les ofrecemos &nbsp;servicios de calidad a unos precios muy competitivos. &nbsp;&nbsp;En nuestra empresa \u00abmorirse no es un lujo\u00bb.<\/p>\n<p>Prestamos servicios a particulares y asegurados de todas las compa\u00f1\u00edas, ya que por ley el asegurado puede elegir la funeraria que m\u00e1s le interese. &nbsp;<strong>Si opta con contratar con nosotros le mejoramos las coberturas de su p\u00f3liza.<\/strong><\/p>\n<h2 style=\"text-align: center;\"><em><strong><span style=\"color: #003300;\">HACEMOS F\u00c1CILES, MOMENTOS DIF\u00cdCILES.<\/span><\/strong><\/em><\/h2>\n","protected":false},"excerpt":{"rendered":"<p>Somos una empresa familiar, fundada por D. Jos\u00e9 Carlos S\u00e1nchez Mayo en 1985. Actualmente ya est\u00e1 al frente la segunda generaci\u00f3n. Les ofrecemos &nbsp;servicios de calidad a unos precios muy competitivos. &nbsp;&nbsp;En nuestra empresa \u00abmorirse no es un lujo\u00bb. Prestamos servicios a particulares y asegurados de todas las compa\u00f1\u00edas, ya que por ley el asegurado &hellip; <\/p>\n<p class=\"link-more\"><a href=\"https:\/\/www.funerariajosecarlos.es\/\" class=\"more-link\">Continuar leyendo<span class=\"screen-reader-text\"> \u00abBienvenidos a nuestra web\u00bb<\/span><\/a><\/p>\n","protected":false},"author":1,"featured_media":0,"parent":0,"menu_order":0,"comment_status":"closed","ping_status":"closed","template":"","meta":{"ngg_post_thumbnail":0,"footnotes":""},"class_list":["post-314","page","type-page","status-publish","hentry"],"_links":{"self":[{"href":"https:\/\/www.funerariajosecarlos.es\/index.php\/wp-json\/wp\/v2\/pages\/314","targetHints":{"allow":["GET"]}}],"collection":[{"href":"https:\/\/www.funerariajosecarlos.es\/index.php\/wp-json\/wp\/v2\/pages"}],"about":[{"href":"https:\/\/www.funerariajosecarlos.es\/index.php\/wp-json\/wp\/v2\/types\/page"}],"author":[{"embeddable":true,"href":"https:\/\/www.funerariajosecarlos.es\/index.php\/wp-json\/wp\/v2\/users\/1"}],"replies":[{"embeddable":true,"href":"https:\/\/www.funerariajosecarlos.es\/index.php\/wp-json\/wp\/v2\/comments?post=314"}],"version-history":[{"count":11,"href":"https:\/\/www.funerariajosecarlos.es\/index.php\/wp-json\/wp\/v2\/pages\/314\/revisions"}],"predecessor-version":[{"id":568,"href":"https:\/\/www.funerariajosecarlos.es\/index.php\/wp-json\/wp\/v2\/pages\/314\/revisions\/568"}],"wp:attachment":[{"href":"https:\/\/www.funerariajosecarlos.es\/index.php\/wp-json\/wp\/v2\/media?parent=314"}],"curies":[{"name":"wp","href":"https:\/\/api.w.org\/{rel}","templated":true}]}}

<p>Somos una empresa familiar, fundada por D. José Carlos Sánchez Mayo en 1985. Actualmente ya está al frente la segunda generación.</p>
<p>Les ofrecemos &nbsp;servicios de calidad a unos precios muy competitivos. &nbsp;&nbsp;En nuestra empresa «morirse no es un lujo».</p>
<p>Prestamos servicios a particulares y asegurados de todas las compañías, ya que por ley el asegurado puede elegir la funeraria que más le interese. &nbsp;<strong>Si opta con contratar con nosotros le mejoramos las coberturas de su póliza.</strong></p>
<h2 style="text-align: center;"><em><strong><span style="color: #003300;">HACEMOS FÁCILES, MOMENTOS DIFÍCILES.</span></strong></em></h2>

<p>Somos una empresa familiar, fundada por D. José Carlos Sánchez Mayo en 1985. Actualmente ya está al frente la segunda generación. Les ofrecemos &nbsp;servicios de calidad a unos precios muy competitivos. &nbsp;&nbsp;En nuestra empresa «morirse no es un lujo». Prestamos servicios a particulares y asegurados de todas las compañías, ya que por ley el asegurado &hellip; </p>
<p class="link-more"><a href="https://www.funerariajosecarlos.es/" class="more-link">Continuar leyendo<span class="screen-reader-text"> «Bienvenidos a nuestra web»</span></a></p>
