{"id":148,"date":"2017-01-26T00:50:41","date_gmt":"2017-01-26T00:50:41","guid":{"rendered":"http:\/\/www.funerariajosecarlos.es\/?page_id=148"},"modified":"2026-01-16T11:17:52","modified_gmt":"2026-01-16T10:17:52","slug":"crematorio","status":"publish","type":"page","link":"https:\/\/www.funerariajosecarlos.es\/index.php\/crematorio\/","title":{"rendered":"Incineraciones"},"content":{"rendered":"<h3 style=\"text-align: center;\">Ponemos a su disposici\u00f3n el servicio de incineraci\u00f3n en el CREMATORIO MUNICIPAL&nbsp; de \u00c1vila.<\/h3>\n<h3 style=\"text-align: center;\"><strong>El importe de este servicio es de 655,34 \u20ac<\/strong><br \/>\n(incluye urna y bolsa de transporte)<\/h3>\n","protected":false},"excerpt":{"rendered":"<p>Ponemos a su disposici\u00f3n el servicio de incineraci\u00f3n en el CREMATORIO MUNICIPAL&nbsp; de \u00c1vila. El importe de este servicio es de 655,34 \u20ac (incluye urna y bolsa de transporte)<\/p>\n","protected":false},"author":1,"featured_media":0,"parent":0,"menu_order":0,"comment_status":"closed","ping_status":"closed","template":"","meta":{"ngg_post_thumbnail":0,"footnotes":""},"class_list":["post-148","page","type-page","status-publish","hentry"],"_links":{"self":[{"href":"https:\/\/www.funerariajosecarlos.es\/index.php\/wp-json\/wp\/v2\/pages\/148","targetHints":{"allow":["GET"]}}],"collection":[{"href":"https:\/\/www.funerariajosecarlos.es\/index.php\/wp-json\/wp\/v2\/pages"}],"about":[{"href":"https:\/\/www.funerariajosecarlos.es\/index.php\/wp-json\/wp\/v2\/types\/page"}],"author":[{"embeddable":true,"href":"https:\/\/www.funerariajosecarlos.es\/index.php\/wp-json\/wp\/v2\/users\/1"}],"replies":[{"embeddable":true,"href":"https:\/\/www.funerariajosecarlos.es\/index.php\/wp-json\/wp\/v2\/comments?post=148"}],"version-history":[{"count":10,"href":"https:\/\/www.funerariajosecarlos.es\/index.php\/wp-json\/wp\/v2\/pages\/148\/revisions"}],"predecessor-version":[{"id":580,"href":"https:\/\/www.funerariajosecarlos.es\/index.php\/wp-json\/wp\/v2\/pages\/148\/revisions\/580"}],"wp:attachment":[{"href":"https:\/\/www.funerariajosecarlos.es\/index.php\/wp-json\/wp\/v2\/media?parent=148"}],"curies":[{"name":"wp","href":"https:\/\/api.w.org\/{rel}","templated":true}]}}

<h3 style="text-align: center;">Ponemos a su disposición el servicio de incineración en el CREMATORIO MUNICIPAL&nbsp; de Ávila.</h3>
<h3 style="text-align: center;"><strong>El importe de este servicio es de 655,34 €</strong><br />
(incluye urna y bolsa de transporte)</h3>

<p>Ponemos a su disposición el servicio de incineración en el CREMATORIO MUNICIPAL&nbsp; de Ávila. El importe de este servicio es de 655,34 € (incluye urna y bolsa de transporte)</p>
